common divisor of 527872 and 5168?
16
Calculate the greatest common divisor of 888 and 4827686.
74
What is the greatest common divisor of 12 and 11686170?
6
Calculate the highest common factor of 1744293 and 916579.
2539
Calculate the greatest common divisor of 1169 and 14935311.
167
What is the greatest common factor of 1946876 and 1952?
244
Calculate the greatest common divisor of 10746856 and 18088.
2584
What is the highest common divisor of 598158 and 2982628?
1166
Calculate the greatest common factor of 344 and 188895904.
344
Calculate the greatest common factor of 13916115 and 3315.
255
Calculate the greatest common factor of 3170972 and 654234.
5894
Calculate the greatest common factor of 8690 and 69080.
110
What is the highest common divisor of 330 and 150956490?
30
Calculate the highest common factor of 3792240 and 33840.
720
What is the highest common divisor of 42 and 407802?
6
What is the greatest common divisor of 9402699 and 87?
87
What is the highest common divisor of 9 and 766904?
1
Calculate the highest common divisor of 250520 and 72560.
40
What is the highest common divisor of 27531309 and 8385?
1677
Calculate the highest common factor of 2371840 and 7840.
160
Calculate the highest common divisor of 6464 and 10812608.
64
Calculate the highest common divisor of 877259700 and 100.
100
Calculate the greatest common factor of 2564 and 48999322.
1282
What is the greatest common factor of 8090 and 912014015?
4045
Calculate the highest common divisor of 2520 and 1107288.
504
Calculate the highest common divisor of 1644384 and 5376.
672
What is the greatest common divisor of 374 and 936504041?
187
Calculate the highest common divisor of 702 and 17333134.
26
What is the highest common factor of 206992 and 18?
2
Calculate the highest common factor of 3743 and 12086344.
197
What is the greatest common factor of 5036904 and 3888?
1944
Calculate the highest common factor of 2852762 and 110.
22
Calculate the greatest common factor of 7085 and 264732.
13
Calculate the highest common divisor of 328 and 17088595.
41
What is the highest common divisor of 4802 and 17222373?
2401
What is the greatest common divisor of 552 and 14128026?
138
What is the greatest common divisor of 186 and 222204714?
186
What is the highest common divisor of 62095815 and 6885?
6885
Calculate the highest common divisor of 70 and 15699726.
14
What is the highest common factor of 42513415 and 105?
35
Calculate the greatest common divisor of 18 and 58152294.
18
Calculate the greatest common factor of 11412 and 10281852.
36
What is the highest common divisor of 235676 and 3350536?
532
What is the highest common divisor of 15364208 and 1246544?
7376
What is the greatest common factor of 35 and 4853215?
5
Calculate the highest common divisor of 205335 and 146185.
845
What is the greatest common divisor of 69308 and 3184?
4
What is the highest common divisor of 278790 and 64830?
30
Calculate the greatest common divisor of 68204 and 24276.
1156
What is the highest common factor of 18792 and 204392?
232
What is the highest common factor of 425270 and 4830?
230
What is the highest common divisor of 2141739 and 18?
9
Calculate the highest common factor of 2192 and 1081056.
16
What is the greatest common divisor of 893763294 and 186?
186
What is the highest common divisor of 52 and 47239426?
26
Calculate the highest common factor of 3164 and 33684622.
226
Calculate the highest common factor of 182 and 310858366.
182
Calculate the highest common divisor of 133 and 14786380.
7
What is the greatest common factor of 23226 and 219912?
294
What is the highest common divisor of 535296 and 18360?
408
What is the highest common factor of 103824 and 128016?
1008
Calculate the greatest common divisor of 14674 and 166460522.
1334
Calculate the greatest common divisor of 345 and 3653805.
15
What is the highest common divisor of 2570 and 321311680?
2570
What is the greatest common factor of 36281888 and 64?
32
Calculate the greatest common divisor of 5063632 and 22736.
3248
What is the highest common factor of 175 and 55890375?
25
What is the greatest common factor of 612 and 21402924?
12
Calculate the greatest common divisor of 640963075 and 25.
25
Calculate the highest common factor of 463091 and 97140727.
9853
Calculate the greatest common divisor of 109761014 and 22.
22
Calculate the highest common factor of 2031 and 17616894.
2031
What is the highest common factor of 1535457 and 1620423?
6069
Calculate the highest common factor of 161797394 and 22.
22
Calculate the highest common divisor of 181984 and 41152.
32
What is the greatest common divisor of 4277 and 13905185?
329
Calculate the highest common factor of 197258 and 2157716.
1102
Calculate the greatest common divisor of 33 and 44465979.
3
What is the highest common factor of 1836 and 1610064?
108
What is the greatest common divisor of 6185056 and 28?
4
What is the highest common divisor of 373701280 and 14160?
4720
Calculate the greatest common factor of 160568685 and 46128.
2883
Calculate the greatest common divisor of 52185 and 199185.
735
What is the highest common factor of 18016563 and 18579?
1689
What is the greatest common divisor of 378880 and 988640?
5920
Calculate the greatest common divisor of 202379832 and 1224.
1224
What is the greatest common factor of 1312787 and 2171?
167
Calculate the highest common factor of 21 and 346659.
3
Calculate the highest common divisor of 22023364 and 22440.
748
What is the greatest common divisor of 78 and 138466874?
26
What is the greatest common factor of 4151441 and 213?
71
Calculate the greatest common factor of 4360 and 9124935.
545
Calculate the greatest common factor of 74375 and 1308405.
595
Calculate the greatest common factor of 27 and 32455413.
9
What is the highest common factor of 1980 and 134648910?
990
What is the highest common factor of 1368432 and 5418?
774
What is the highest common divisor of 48 and 16323808?
16
Calculate the highest common factor of 14535760 and 91045.
655
Calculate the greatest common divisor of 21590685 and 3105.
135
What is the greatest common factor of 7434966 and 142443?
2793
Calculate the greatest common divisor of 25 and 3905890.
5
What is the greatest common factor of 3048 and 119060976?
3048
Calculate the highest common divisor of 408772 and 14924.
364
What is the highest common factor of 13606256 and 16?
16
Calculate the highest common divisor of 4886174 and 68.
34
What is the highest common factor of 896112 and 23912?
392
What is the highest common divisor of 3174612 and 210?
42
What is the highest common factor of 52 and 17745494?
26
What is the greatest common divisor of 189 and 7949508?
21
What is the greatest common divisor of 26 and 27708603?
13
Calculate the highest common factor of 232478115 and 15270.
7635
What is the highest common divisor of 1845 and 99731106?
369
Calculate the greatest common factor of 270584 and 416.
8
What is the greatest common divisor of 7325745 and 42?
21
What is the highest common factor of 514862 and 5434?
38
Calculate the highest common divisor of 1829 and 13633273.
31
Calculate the highest common divisor of 332 and 87200.
4
Calculate the greatest common divisor of 1130593830 and 148.
74
What is the greatest common divisor of 17261825 and 1225?
175
Calculate the greatest common factor of 67648 and 854.
14
Calculate the highest common divisor of 250828595 and 465.
155
Calculate the highest common divisor of 5823130 and 45530.
1570
What is the highest common factor of 1255 and 2810447?
251
Calculate the greatest common divisor of 4670908 and 3238428.
5116
What is the greatest common divisor of 10899 and 18215343?
1557
Calculate the highest common factor of 7773696 and 60.
12
What is the greatest common factor of 22440677 and 212?
53
What is the greatest common factor of 16 and 25820428?
4
Calculate the greatest common factor of 8112 and 594708.
12
Calculate the greatest common factor of 479788 and 17590732.
4484
What is the greatest common divisor of 188329795 and 40781?
3137
Calculate the highest common divisor of 545355422 and 2722.
2722
What is the greatest common factor of 153296 and 382096?
2288
What is the greatest common factor of 15 and 428622735?
15
Calculate the highest common factor of 5950